    {"id":2002,"date":"2020-10-21T09:58:00","date_gmt":"2020-10-21T09:58:00","guid":{"rendered":"https:\/\/deneme.puretronwater.com\/product\/import-placeholder-for-20746\/"},"modified":"2026-02-17T21:03:04","modified_gmt":"2026-02-17T21:03:04","slug":"pentair-gac-filtre-housing-sistemler-icin","status":"publish","type":"product","link":"https:\/\/puretronwater.com\/staging\/urun\/pentair-gac-filtre-housing-sistemler-icin\/","title":{"rendered":"Pentair GAC filtre Housing sistemler i\u00e7in"},"content":{"rendered":"<h5 id=\"tw-target-text\" class=\"tw-data-text tw-text-large tw-ta fusion-responsive-typography-calculated\" dir=\"ltr\" data-placeholder=\"\u00c7eviri\" data-fontsize=\"16\" data-lineheight=\"29.92px\"><span lang=\"tr\">i\u00e7me suyunuzdaki klorun,k\u00f6t\u00fc tat ve kokunun etkili bir \u015fekilde azalt\u0131lmas\u0131n\u0131 sa\u011flar. Filtre kartu\u015fu kanallanmay\u0131 \u00f6nlemek ve filtre ortam\u0131yla temas\u0131 en \u00fcst d\u00fczeye \u00e7\u0131karmak i\u00e7in \u00fcst\u00fcn teknoloji ile \u00fcretilmi\u015ftir. Yenilik\u00e7i pentair gac filtre, suyu daha temiz, daha lezzetli i\u00e7me suyu haline getirmek i\u00e7in,su kartu\u015ftan ayr\u0131lmadan \u00f6nce karbon tozlar\u0131n\u0131 yok eder. Genel ama\u00e7l\u0131 su filtrasyonu i\u00e7in idealdir. Yerine tak\u0131lan kartu\u015f tasar\u0131m\u0131, \u00e7o\u011fu standart 10 in\u00e7 muhafazada h\u0131zl\u0131 filtre de\u011fi\u015fimine olanak tan\u0131r Karbon ince tozlar\u0131n\u0131 azaltmak i\u00e7in filtre sonras\u0131 maksimum emilim i\u00e7in tasarlanm\u0131\u015ft\u0131r<\/span><\/h5>\n","protected":false},"excerpt":{"rendered":"<p>i\u00e7me suyunuzdaki klorun,k\u00f6t\u00fc tat ve kokunun etkili bir \u015fekilde azalt\u0131lmas\u0131n\u0131 sa\u011flar. Filtre kartu\u015fu kanallanmay\u0131 \u00f6nlemek ve filtre ortam\u0131yla temas\u0131 en<\/p>\n","protected":false},"featured_media":2061,"comment_status":"closed","ping_status":"closed","template":"","meta":[],"product_brand":[],"product_cat":[94],"product_tag":[],"class_list":{"0":"post-2002","1":"product","2":"type-product","3":"status-publish","4":"has-post-thumbnail","6":"product_cat-tek-filtreler","8":"first","9":"outofstock","10":"shipping-taxable","11":"purchasable","12":"product-type-simple"},"_links":{"self":[{"href":"https:\/\/puretronwater.com\/staging\/wp-json\/wp\/v2\/product\/2002","targetHints":{"allow":["GET"]}}],"collection":[{"href":"https:\/\/puretronwater.com\/staging\/wp-json\/wp\/v2\/product"}],"about":[{"href":"https:\/\/puretronwater.com\/staging\/wp-json\/wp\/v2\/types\/product"}],"replies":[{"embeddable":true,"href":"https:\/\/puretronwater.com\/staging\/wp-json\/wp\/v2\/comments?post=2002"}],"version-history":[{"count":0,"href":"https:\/\/puretronwater.com\/staging\/wp-json\/wp\/v2\/product\/2002\/revisions"}],"wp:featuredmedia":[{"embeddable":true,"href":"https:\/\/puretronwater.com\/staging\/wp-json\/wp\/v2\/media\/2061"}],"wp:attachment":[{"href":"https:\/\/puretronwater.com\/staging\/wp-json\/wp\/v2\/media?parent=2002"}],"wp:term":[{"taxonomy":"product_brand","embeddable":true,"href":"https:\/\/puretronwater.com\/staging\/wp-json\/wp\/v2\/product_brand?post=2002"},{"taxonomy":"product_cat","embeddable":true,"href":"https:\/\/puretronwater.com\/staging\/wp-json\/wp\/v2\/product_cat?post=2002"},{"taxonomy":"product_tag","embeddable":true,"href":"https:\/\/puretronwater.com\/staging\/wp-json\/wp\/v2\/product_tag?post=2002"}],"curies":[{"name":"wp","href":"https:\/\/api.w.org\/{rel}","templated":true}]}}